{"id":311,"date":"2022-04-09T12:01:30","date_gmt":"2022-04-09T10:01:30","guid":{"rendered":"https:\/\/www.gorlicki-it.de\/?page_id=311"},"modified":"2022-04-09T12:22:20","modified_gmt":"2022-04-09T10:22:20","slug":"datenrettung","status":"publish","type":"page","link":"https:\/\/www.gorlicki-it.de\/index.php\/datenrettung\/","title":{"rendered":"Datenrettung"},"content":{"rendered":"\n<p><strong>Datenwiederherstellung f\u00fcr Gewerbetreibende und Privatanwender<\/strong> <\/p>\n\n\n\n<ul class=\"wp-block-list\"><li>Wir retten professionell Ihre Daten.<\/li><li>Wir f\u00fchren Ihren Datenrettungsauftrag sicher und ohne unn\u00f6tige Risiken f\u00fcr Sie durch.<\/li><li>Wir analysieren Ihre Datentr\u00e4ger und unterbreiten Ihnen ein Angebot.<\/li><li>Wir werden Sie kompetent zu Ihrem Problem beraten.<\/li><li>Bei einer professionellen Datenrettung sind uns Datenschutz, die Datenqualit\u00e4t sowie die schnellstm\u00f6gliche Datenrettung am wichtigsten.<\/li><\/ul>\n\n\n\n<p><\/p>\n","protected":false},"excerpt":{"rendered":"<p>Datenwiederherstellung f\u00fcr Gewerbetreibende und Privatanwender Wir retten professionell Ihre Daten. Wir f\u00fchren Ihren Datenrettungsauftrag sicher und ohne unn\u00f6tige Risiken f\u00fcr Sie durch. Wir analysieren Ihre Datentr\u00e4ger und unterbreiten Ihnen ein Angebot. Wir werden Sie kompetent zu Ihrem Problem beraten. Bei<\/p>\n","protected":false},"author":2,"featured_media":0,"parent":0,"menu_order":0,"comment_status":"closed","ping_status":"closed","template":"","meta":{"footnotes":""},"class_list":["post-311","page","type-page","status-publish","hentry"],"yoast_head":"<!-- This site is optimized with the Yoast SEO plugin v27.3 - https:\/\/yoast.com\/product\/yoast-seo-wordpress\/ -->\n<title>Datenrettung - GORLICKI-IT<\/title>\n<meta name=\"robots\" content=\"index, follow, max-snippet:-1, max-image-preview:large, max-video-preview:-1\" \/>\n<link rel=\"canonical\" href=\"https:\/\/www.gorlicki-it.de\/index.php\/datenrettung\/\" \/>\n<meta property=\"og:locale\" content=\"de_DE\" \/>\n<meta property=\"og:type\" content=\"article\" \/>\n<meta property=\"og:title\" content=\"Datenrettung - GORLICKI-IT\" \/>\n<meta property=\"og:description\" content=\"Datenwiederherstellung f\u00fcr Gewerbetreibende und Privatanwender Wir retten professionell Ihre Daten. Wir f\u00fchren Ihren Datenrettungsauftrag sicher und ohne unn\u00f6tige Risiken f\u00fcr Sie durch. Wir analysieren Ihre Datentr\u00e4ger und unterbreiten Ihnen ein Angebot. Wir werden Sie kompetent zu Ihrem Problem beraten. Bei\" \/>\n<meta property=\"og:url\" content=\"https:\/\/www.gorlicki-it.de\/index.php\/datenrettung\/\" \/>\n<meta property=\"og:site_name\" content=\"GORLICKI-IT\" \/>\n<meta property=\"article:modified_time\" content=\"2022-04-09T10:22:20+00:00\" \/>\n<meta name=\"twitter:card\" content=\"summary_large_image\" \/>\n<meta name=\"twitter:label1\" content=\"Gesch\u00e4tzte Lesezeit\" \/>\n\t<meta name=\"twitter:data1\" content=\"1\u00a0Minute\" \/>\n<script type=\"application\/ld+json\" class=\"yoast-schema-graph\">{\"@context\":\"https:\\\/\\\/schema.org\",\"@graph\":[{\"@type\":\"WebPage\",\"@id\":\"https:\\\/\\\/www.gorlicki-it.de\\\/index.php\\\/datenrettung\\\/\",\"url\":\"https:\\\/\\\/www.gorlicki-it.de\\\/index.php\\\/datenrettung\\\/\",\"name\":\"Datenrettung - GORLICKI-IT\",\"isPartOf\":{\"@id\":\"https:\\\/\\\/www.gorlicki-it.de\\\/#website\"},\"datePublished\":\"2022-04-09T10:01:30+00:00\",\"dateModified\":\"2022-04-09T10:22:20+00:00\",\"breadcrumb\":{\"@id\":\"https:\\\/\\\/www.gorlicki-it.de\\\/index.php\\\/datenrettung\\\/#breadcrumb\"},\"inLanguage\":\"de\",\"potentialAction\":[{\"@type\":\"ReadAction\",\"target\":[\"https:\\\/\\\/www.gorlicki-it.de\\\/index.php\\\/datenrettung\\\/\"]}]},{\"@type\":\"BreadcrumbList\",\"@id\":\"https:\\\/\\\/www.gorlicki-it.de\\\/index.php\\\/datenrettung\\\/#breadcrumb\",\"itemListElement\":[{\"@type\":\"ListItem\",\"position\":1,\"name\":\"Startseite\",\"item\":\"https:\\\/\\\/www.gorlicki-it.de\\\/\"},{\"@type\":\"ListItem\",\"position\":2,\"name\":\"Datenrettung\"}]},{\"@type\":\"WebSite\",\"@id\":\"https:\\\/\\\/www.gorlicki-it.de\\\/#website\",\"url\":\"https:\\\/\\\/www.gorlicki-it.de\\\/\",\"name\":\"GORLICKI-IT\",\"description\":\"\",\"publisher\":{\"@id\":\"https:\\\/\\\/www.gorlicki-it.de\\\/#\\\/schema\\\/person\\\/e8e18f29e6e5d64bcadc88c08e5c66fa\"},\"potentialAction\":[{\"@type\":\"SearchAction\",\"target\":{\"@type\":\"EntryPoint\",\"urlTemplate\":\"https:\\\/\\\/www.gorlicki-it.de\\\/?s={search_term_string}\"},\"query-input\":{\"@type\":\"PropertyValueSpecification\",\"valueRequired\":true,\"valueName\":\"search_term_string\"}}],\"inLanguage\":\"de\"},{\"@type\":[\"Person\",\"Organization\"],\"@id\":\"https:\\\/\\\/www.gorlicki-it.de\\\/#\\\/schema\\\/person\\\/e8e18f29e6e5d64bcadc88c08e5c66fa\",\"name\":\"info@gorlicki-it.de\",\"image\":{\"@type\":\"ImageObject\",\"inLanguage\":\"de\",\"@id\":\"https:\\\/\\\/www.gorlicki-it.de\\\/wp-content\\\/uploads\\\/2021\\\/02\\\/Logo.jpg\",\"url\":\"https:\\\/\\\/www.gorlicki-it.de\\\/wp-content\\\/uploads\\\/2021\\\/02\\\/Logo.jpg\",\"contentUrl\":\"https:\\\/\\\/www.gorlicki-it.de\\\/wp-content\\\/uploads\\\/2021\\\/02\\\/Logo.jpg\",\"width\":186,\"height\":75,\"caption\":\"info@gorlicki-it.de\"},\"logo\":{\"@id\":\"https:\\\/\\\/www.gorlicki-it.de\\\/wp-content\\\/uploads\\\/2021\\\/02\\\/Logo.jpg\"},\"sameAs\":[\"https:\\\/\\\/www.gorlicki-it.de\"]}]}<\/script>\n<!-- \/ Yoast SEO plugin. -->","yoast_head_json":{"title":"Datenrettung - GORLICKI-IT","robots":{"index":"index","follow":"follow","max-snippet":"max-snippet:-1","max-image-preview":"max-image-preview:large","max-video-preview":"max-video-preview:-1"},"canonical":"https:\/\/www.gorlicki-it.de\/index.php\/datenrettung\/","og_locale":"de_DE","og_type":"article","og_title":"Datenrettung - GORLICKI-IT","og_description":"Datenwiederherstellung f\u00fcr Gewerbetreibende und Privatanwender Wir retten professionell Ihre Daten. Wir f\u00fchren Ihren Datenrettungsauftrag sicher und ohne unn\u00f6tige Risiken f\u00fcr Sie durch. Wir analysieren Ihre Datentr\u00e4ger und unterbreiten Ihnen ein Angebot. Wir werden Sie kompetent zu Ihrem Problem beraten. Bei","og_url":"https:\/\/www.gorlicki-it.de\/index.php\/datenrettung\/","og_site_name":"GORLICKI-IT","article_modified_time":"2022-04-09T10:22:20+00:00","twitter_card":"summary_large_image","twitter_misc":{"Gesch\u00e4tzte Lesezeit":"1\u00a0Minute"},"schema":{"@context":"https:\/\/schema.org","@graph":[{"@type":"WebPage","@id":"https:\/\/www.gorlicki-it.de\/index.php\/datenrettung\/","url":"https:\/\/www.gorlicki-it.de\/index.php\/datenrettung\/","name":"Datenrettung - GORLICKI-IT","isPartOf":{"@id":"https:\/\/www.gorlicki-it.de\/#website"},"datePublished":"2022-04-09T10:01:30+00:00","dateModified":"2022-04-09T10:22:20+00:00","breadcrumb":{"@id":"https:\/\/www.gorlicki-it.de\/index.php\/datenrettung\/#breadcrumb"},"inLanguage":"de","potentialAction":[{"@type":"ReadAction","target":["https:\/\/www.gorlicki-it.de\/index.php\/datenrettung\/"]}]},{"@type":"BreadcrumbList","@id":"https:\/\/www.gorlicki-it.de\/index.php\/datenrettung\/#breadcrumb","itemListElement":[{"@type":"ListItem","position":1,"name":"Startseite","item":"https:\/\/www.gorlicki-it.de\/"},{"@type":"ListItem","position":2,"name":"Datenrettung"}]},{"@type":"WebSite","@id":"https:\/\/www.gorlicki-it.de\/#website","url":"https:\/\/www.gorlicki-it.de\/","name":"GORLICKI-IT","description":"","publisher":{"@id":"https:\/\/www.gorlicki-it.de\/#\/schema\/person\/e8e18f29e6e5d64bcadc88c08e5c66fa"},"potentialAction":[{"@type":"SearchAction","target":{"@type":"EntryPoint","urlTemplate":"https:\/\/www.gorlicki-it.de\/?s={search_term_string}"},"query-input":{"@type":"PropertyValueSpecification","valueRequired":true,"valueName":"search_term_string"}}],"inLanguage":"de"},{"@type":["Person","Organization"],"@id":"https:\/\/www.gorlicki-it.de\/#\/schema\/person\/e8e18f29e6e5d64bcadc88c08e5c66fa","name":"info@gorlicki-it.de","image":{"@type":"ImageObject","inLanguage":"de","@id":"https:\/\/www.gorlicki-it.de\/wp-content\/uploads\/2021\/02\/Logo.jpg","url":"https:\/\/www.gorlicki-it.de\/wp-content\/uploads\/2021\/02\/Logo.jpg","contentUrl":"https:\/\/www.gorlicki-it.de\/wp-content\/uploads\/2021\/02\/Logo.jpg","width":186,"height":75,"caption":"info@gorlicki-it.de"},"logo":{"@id":"https:\/\/www.gorlicki-it.de\/wp-content\/uploads\/2021\/02\/Logo.jpg"},"sameAs":["https:\/\/www.gorlicki-it.de"]}]}},"_links":{"self":[{"href":"https:\/\/www.gorlicki-it.de\/index.php\/wp-json\/wp\/v2\/pages\/311","targetHints":{"allow":["GET"]}}],"collection":[{"href":"https:\/\/www.gorlicki-it.de\/index.php\/wp-json\/wp\/v2\/pages"}],"about":[{"href":"https:\/\/www.gorlicki-it.de\/index.php\/wp-json\/wp\/v2\/types\/page"}],"author":[{"embeddable":true,"href":"https:\/\/www.gorlicki-it.de\/index.php\/wp-json\/wp\/v2\/users\/2"}],"replies":[{"embeddable":true,"href":"https:\/\/www.gorlicki-it.de\/index.php\/wp-json\/wp\/v2\/comments?post=311"}],"version-history":[{"count":5,"href":"https:\/\/www.gorlicki-it.de\/index.php\/wp-json\/wp\/v2\/pages\/311\/revisions"}],"predecessor-version":[{"id":318,"href":"https:\/\/www.gorlicki-it.de\/index.php\/wp-json\/wp\/v2\/pages\/311\/revisions\/318"}],"wp:attachment":[{"href":"https:\/\/www.gorlicki-it.de\/index.php\/wp-json\/wp\/v2\/media?parent=311"}],"curies":[{"name":"wp","href":"https:\/\/api.w.org\/{rel}","templated":true}]}}